emainder when 112 is divided by 29.
25
What is the remainder when 1270 is divided by 93?
61
Calculate the remainder when 1063 is divided by 38.
37
Calculate the remainder when 195 is divided by 67.
61
Calculate the remainder when 392 is divided by 48.
8
What is the remainder when 4232 is divided by 121?
118
What is the remainder when 556 is divided by 202?
152
What is the remainder when 7133 is divided by 58?
57
What is the remainder when 203 is divided by 70?
63
What is the remainder when 5366 is divided by 59?
56
What is the remainder when 145 is divided by 73?
72
What is the remainder when 157 is divided by 27?
22
Calculate the remainder when 374 is divided by 38.
32
What is the remainder when 463 is divided by 48?
31
What is the remainder when 10961 is divided by 63?
62
Calculate the remainder when 1905 is divided by 9.
6
What is the remainder when 56 is divided by 35?
21
What is the remainder when 71 is divided by 24?
23
Calculate the remainder when 123 is divided by 25.
23
What is the remainder when 10 is divided by 4?
2
Calculate the remainder when 267 is divided by 30.
27
Calculate the remainder when 184 is divided by 12.
4
What is the remainder when 43 is divided by 16?
11
Calculate the remainder when 429 is divided by 36.
33
Calculate the remainder when 445 is divided by 14.
11
What is the remainder when 656 is divided by 74?
64
What is the remainder when 57 is divided by 15?
12
What is the remainder when 33 is divided by 18?
15
What is the remainder when 13365 is divided by 163?
162
Calculate the remainder when 5 is divided by 5.
0
Calculate the remainder when 143 is divided by 7.
3
What is the remainder when 156 is divided by 41?
33
What is the remainder when 3842 is divided by 9?
8
Calculate the remainder when 185 is divided by 13.
3
Calculate the remainder when 222 is divided by 76.
70
Calculate the remainder when 91 is divided by 26.
13
Calculate the remainder when 27399 is divided by 50.
49
What is the remainder when 715 is divided by 204?
103
Calculate the remainder when 3373 is divided by 211.
208
Calculate the remainder when 9699 is divided by 6.
3
Calculate the remainder when 805 is divided by 26.
25
What is the remainder when 59 is divided by 22?
15
What is the remainder when 552 is divided by 10?
2
What is the remainder when 39 is divided by 13?
0
Calculate the remainder when 316 is divided by 6.
4
Calculate the remainder when 399 is divided by 58.
51
Calculate the remainder when 681 is divided by 168.
9
What is the remainder when 757 is divided by 754?
3
What is the remainder when 3279 is divided by 20?
19
Calculate the remainder when 6787 is divided by 82.
63
What is the remainder when 22662 is divided by 14?
10
Calculate the remainder when 135 is divided by 78.
57
Calculate the remainder when 279 is divided by 72.
63
What is the remainder when 29 is divided by 8?
5
Calculate the remainder when 180 is divided by 50.
30
Calculate the remainder when 134 is divided by 59.
16
What is the remainder when 577 is divided by 11?
5
What is the remainder when 1326 is divided by 121?
116
Calculate the remainder when 38 is divided by 12.
2
What is the remainder when 414 is divided by 22?
18
Calculate the remainder when 335 is divided by 57.
50
What is the remainder when 435 is divided by 112?
99
What is the remainder when 215 is divided by 24?
23
What is the remainder when 224 is divided by 163?
61
Calculate the remainder when 18 is divided by 10.
8
Calculate the remainder when 57 is divided by 12.
9
Calculate the remainder when 368 is divided by 38.
26
What is the remainder when 168 is divided by 165?
3
What is the remainder when 6545 is divided by 1089?
11
Calculate the remainder when 198 is divided by 35.
23
Calculate the remainder when 79 is divided by 49.
30
What is the remainder when 6816 is divided by 44?
40
Calculate the remainder when 364 is divided by 46.
42
Calculate the remainder when 144 is divided by 76.
68
Calculate the remainder when 1459 is divided by 7.
3
What is the remainder when 1149 is divided by 219?
54
Calculate the remainder when 237 is divided by 80.
77
What is the remainder when 2436 is divided by 224?
196
What is the remainder when 6874 is divided by 28?
14
What is the remainder when 876 is divided by 126?
120
What is the remainder when 1114 is divided by 62?
60
Calculate the remainder when 2499 is divided by 278.
275
What is the remainder when 1031 is divided by 188?
91
What is the remainder when 9550 is divided by 8?
6
What is the remainder when 44 is divided by 9?
8
Calculate the remainder when 1271 is divided by 128.
119
What is the remainder when 6046 is divided by 42?
40
What is the remainder when 1915 is divided by 9?
7
Calculate the remainder when 82 is divided by 21.
19
Calculate the remainder when 66 is divided by 33.
0
What is the remainder when 87 is divided by 44?
43
Calculate the remainder when 214 is divided by 6.
4
Calculate the remainder when 2362 is divided by 295.
2
What is the remainder when 1424 is divided by 699?
26
Calculate the remainder when 850 is divided by 78.
70
What is the remainder when 542 is divided by 32?
30
What is the remainder when 24 is divided by 6?
0
Calculate the remainder when 138 is divided by 84.
54
Calculate the remainder when 724 is divided by 22.
20
What is the remainder when 5617 is divided by 37?
30
Calculate the remainder when 1218 is divided by 11.
8
What is the remainder when 56 is divided by 17?
5
What is the remainder when 265 is divided by 69?
58
Calculate the remainder when 1230 is divided by 11.
9
What is the remainder when 29 is divided by 29?
0
Calculate the remainder when 896 is divided by 296.
8
Calculate the remainder when 80 is divided by 41.
39
What is the remainder when 309 is divided by 97?
18
What is the remainder when 1108 is divided by 37?
35
Calculate the remainder when 1385 is divided by 11.
10
Calculate the remainder when 24 is divided by 10.
4
What is the remainder when 34 is divided by 18?
16
What is the remainder when 351 is divided by 35?
1
Calculate the remainder when 90 is divided by 29.
3
What is the remainder when 9799 is divided by 4898?
3
What is the remainder when 294 is divided by 43?
36
What is the remainder when 75 is divided by 30?
15
What is the remainder when 211 is divided by 17?
7
Calculate the remainder when 747 is divided by 297.
153
Calculate the remainder when 10090 is divided by 18.
10
Calculate the remainder when 104 is divided by 9.
5
Calculate the remainder when 1889 is divided by 7.
6
Calculate the remainder when 257 is divided by 65.
62
Calculate the remainder when 45 is divided by 13.
6
Calculate the remainder when 11 is divided by 5.
1
What is the remainder when 75 is divided by 38?
37
Calculate the remainder when 2273 is divided by 34.
29
Calculate the remainder when 2620 is divided by 19.
17
Calculate the remainder when 204 is divided by 19.
14
What is the remainder when 837 is divided by 152?
77
What is the remainder when 1130 is divided by 20?
10
Calculate the remainder when 3625 is divided by 14.
13
What is the remainder when 76 is divided by 13?
11
What is the remainder when 2778 is divided by 103?
100
What is the remainder when 172 is divided by 86?
0
What is the remainder when 365 is divided by 100?
65
What is the remainder when 8796 is divided by 44?
40
Calculate the remainder when 549 is divided by 24.
21
What is the remainder when 143 is divided by 16?
15
Calculate the remainder when 1697 is divided by 17.
14
What is the remainder when 66 is divided by 19?
9
Calculate the remainder when 606 is divided by 26.
8
What is the remainder when 2351 is divided by 98?
97
Calculate the remainder when 6666 is divided by 9.
6
Calculate the remainder when 479 is divided by 181.
117
What is the remainder when 328 is divided by 23?
6
Calculate the remainder when 26 is divided by 10.
6
Calculate the remainder when 820 is divided by 414.
406
Calculate the remainder when 2427 is divided by 244.
231
What is the remainder when 38 is divided by 10?
8
What is the remainder when 668 is divided by 2?
0
What is the remainder when 88 is divided by 45?
43
What is the remainder when 382 is divided by 155?
72
Calculate the remainder when 246 is divided by 25.
21
Calculate the remainder when 3385 is divided by 11.
8
C